{"id":1313,"date":"2019-02-11T15:11:13","date_gmt":"2019-02-11T15:11:13","guid":{"rendered":"https:\/\/demosites.io\/onboarding-gutenberg\/?page_id=645"},"modified":"2022-11-04T15:48:58","modified_gmt":"2022-11-04T14:48:58","slug":"5b349-home","status":"publish","type":"page","link":"https:\/\/kunst-tutorials.kmst.tu-dortmund.de\/","title":{"rendered":"Home"},"content":{"rendered":"\n<div class=\"wp-block-themeisle-blocks-advanced-columns alignfull has-1-columns has-desktop-equal-layout has-tablet-equal-layout has-mobile-equal-layout has-nogap-gap has-vertical-center\" id=\"wp-block-themeisle-blocks-advanced-columns-af1635f9\"><div class=\"wp-block-themeisle-blocks-advanced-columns-overlay\"><\/div><div class=\"innerblocks-wrap\">\n<div class=\"wp-block-themeisle-blocks-advanced-column\" id=\"wp-block-themeisle-blocks-advanced-column-afacdff0\">\n<h1 id=\"wp-block-themeisle-blocks-advanced-heading-a475539e\" class=\"wp-block-themeisle-blocks-advanced-heading wp-block-themeisle-blocks-advanced-heading-a475539e\">TUtorials<\/h1>\n\n\n\n<p class=\"has-text-align-center\" style=\"font-size:25px\"><mark style=\"background-color:rgba(0, 0, 0, 0)\" class=\"has-inline-color has-nv-site-bg-color\">TUtorials von Studierenden f\u00fcr Studierende am Seminar f\u00fcr Kunst und Kunstwissenschaft an der TU Dortmund<\/mark><\/p>\n\n\n\n<div id=\"wp-block-themeisle-blocks-button-group-9a8654eb\" class=\"wp-block-themeisle-blocks-button-group collapse-mobile wp-block-buttons align-center\">\n<div id=\"wp-block-themeisle-blocks-button-e9adae71\" class=\"wp-block-themeisle-blocks-button wp-block-button\"><a href=\"https:\/\/affinity.serif.com\/de\/photo\/?trial&amp;mc=AFFPPC01&amp;gclid=Cj0KCQjw166aBhDEARIsAMEyZh5rSX7calf5lQuQTxR2wn9YUTzCjj3pUPHC7Y66LQTOPuHUQyiKmYgaAhWOEALw_wcB\" target=\"_self\" rel=\"noopener noreferrer\" class=\"wp-block-button__link\"><span>Affinity Photo<\/span><\/a><\/div>\n<\/div>\n<\/div>\n<\/div><\/div>\n\n\n\n<div class=\"wp-block-themeisle-blocks-advanced-columns alignfull has-1-columns has-desktop-equal-layout has-tablet-equal-layout has-mobile-equal-layout has-nogap-gap has-vertical-unset\" id=\"focus\"><div class=\"wp-block-themeisle-blocks-advanced-columns-overlay\"><\/div><div class=\"innerblocks-wrap\">\n<div class=\"wp-block-themeisle-blocks-advanced-column\" id=\"wp-block-themeisle-blocks-advanced-column-4e76066d\">\n<h2 id=\"wp-block-themeisle-blocks-advanced-heading-bcc3d025\" class=\"wp-block-themeisle-blocks-advanced-heading wp-block-themeisle-blocks-advanced-heading-bcc3d025\">TUtorials zu Affinity Photo<\/h2>\n\n\n\n<h2 id=\"wp-block-themeisle-blocks-advanced-heading-d93fef85\" class=\"wp-block-themeisle-blocks-advanced-heading wp-block-themeisle-blocks-advanced-heading-d93fef85\">Mit diesen TUtorials wirst du Fit gemacht in Sachen Bildbearbeitung<\/h2>\n\n\n\n<div class=\"wp-block-themeisle-blocks-advanced-columns has-3-columns has-desktop-equal-layout has-tablet-equal-layout has-mobile-collapsedRows-layout has-extended-gap has-vertical-unset\" id=\"wp-block-themeisle-blocks-advanced-columns-cde654fc\"><div class=\"wp-block-themeisle-blocks-advanced-columns-overlay\"><\/div><div class=\"innerblocks-wrap\">\n<div class=\"wp-block-themeisle-blocks-advanced-column animated fadeInLeft slow\" id=\"wp-block-themeisle-blocks-advanced-column-0965bd3a\">\n<div class=\"wp-block-themeisle-blocks-service\">\n<p class=\"wp-block-themeisle-blocks-font-awesome-icons\" id=\"wp-block-themeisle-blocks-font-awesome-icons-2ec85c9d\"><span class=\"wp-block-themeisle-blocks-font-awesome-icons-container\"><i class=\"far fa-map\"><\/i><\/span><\/p>\n\n\n\n<h5 id=\"wp-block-themeisle-blocks-advanced-heading-1c9dba41\" class=\"wp-block-themeisle-blocks-advanced-heading wp-block-themeisle-blocks-advanced-heading-1c9dba41\"><a href=\"#Erster-einstieg\" data-type=\"internal\" data-id=\"#Erster-einstieg\">Allgemein<\/a><\/h5>\n\n\n\n<p id=\"wp-block-themeisle-blocks-advanced-heading-ea3868d1\" class=\"wp-block-themeisle-blocks-advanced-heading wp-block-themeisle-blocks-advanced-heading-ea3868d1\">Hier lernst du die Oberfl\u00e4che und rudiment\u00e4ren Einstellungen kennen<\/p>\n<\/div>\n<\/div>\n\n\n\n<div class=\"wp-block-themeisle-blocks-advanced-column animated fadeIn slow\" id=\"wp-block-themeisle-blocks-advanced-column-2e34cb38\">\n<div class=\"wp-block-themeisle-blocks-service\">\n<p class=\"wp-block-themeisle-blocks-font-awesome-icons\" id=\"wp-block-themeisle-blocks-font-awesome-icons-66b81b1f\"><span class=\"wp-block-themeisle-blocks-font-awesome-icons-container\"><i class=\"fas fa-tools\"><\/i><\/span><\/p>\n\n\n\n<h5 id=\"wp-block-themeisle-blocks-advanced-heading-be592819\" class=\"wp-block-themeisle-blocks-advanced-heading wp-block-themeisle-blocks-advanced-heading-be592819\"><a href=\"#werkzeug\" data-type=\"internal\" data-id=\"#werkzeug\">Werkzeugleiste<\/a><\/h5>\n\n\n\n<p id=\"wp-block-themeisle-blocks-advanced-heading-49571ca6\" class=\"wp-block-themeisle-blocks-advanced-heading wp-block-themeisle-blocks-advanced-heading-49571ca6\">Die Werkzeuge in der Photo Persona, mit denen du alles machen kannst.<\/p>\n<\/div>\n<\/div>\n\n\n\n<div class=\"wp-block-themeisle-blocks-advanced-column animated fadeInDown slow\" id=\"wp-block-themeisle-blocks-advanced-column-2ff8a382\">\n<div class=\"wp-block-themeisle-blocks-service\">\n<p class=\"wp-block-themeisle-blocks-font-awesome-icons\" id=\"wp-block-themeisle-blocks-font-awesome-icons-17ea0cb3\"><span class=\"wp-block-themeisle-blocks-font-awesome-icons-container\"><i class=\"fas fa-camera-retro\"><\/i><\/span><\/p>\n\n\n\n<h5 id=\"wp-block-themeisle-blocks-advanced-heading-cdbd7c0b\" class=\"wp-block-themeisle-blocks-advanced-heading wp-block-themeisle-blocks-advanced-heading-cdbd7c0b\"><a href=\"#wp-block-themeisle-blocks-advanced-heading-58c1ae49\" data-type=\"internal\" data-id=\"#wp-block-themeisle-blocks-advanced-heading-58c1ae49\">Bearbeitung<\/a><\/h5>\n\n\n\n<p id=\"wp-block-themeisle-blocks-advanced-heading-c90c6033\" class=\"wp-block-themeisle-blocks-advanced-heading wp-block-themeisle-blocks-advanced-heading-c90c6033\">Was sind Masken und wie kann man die Farbe eines einzelnen Gegenstandes ver\u00e4ndern?<\/p>\n<\/div>\n<\/div>\n<\/div><\/div>\n<\/div>\n<\/div><\/div>\n\n\n\n<div class=\"wp-block-themeisle-blocks-advanced-columns alignfull has-1-columns has-desktop-equal-layout has-tablet-equal-layout has-mobile-equal-layout has-nogap-gap has-vertical-unset\" id=\"wp-block-themeisle-blocks-advanced-columns-cacf075e\"><div class=\"wp-block-themeisle-blocks-advanced-columns-overlay\"><\/div><div class=\"innerblocks-wrap\">\n<div class=\"wp-block-themeisle-blocks-advanced-column\" id=\"wp-block-themeisle-blocks-advanced-column-9ad16cce\">\n<div style=\"height:51px\" aria-hidden=\"true\" class=\"wp-block-spacer\"><\/div>\n\n\n\n<p class=\"has-text-align-center has-neve-link-color-color has-text-color has-x-large-font-size\" id=\"Erster-einstieg\">Allgemein<\/p>\n\n\n\n<div class=\"wp-block-columns\">\n<div class=\"wp-block-column\">\n<h2>Dateitypen<\/h2>\n\n\n\n<figure class=\"wp-block-video\"><video controls poster=\"https:\/\/kunst-tutorials.kmst.tu-dortmund.de\/wp-content\/uploads\/2022\/10\/Allgemein_4.jpg\" preload=\"none\" src=\"https:\/\/kunst-tutorials.kmst.tu-dortmund.de\/wp-content\/uploads\/2022\/10\/Anke-02-Video-Dateitypen.m4v\"><\/video><figcaption>TUtorial von Anke<\/figcaption><\/figure>\n<\/div>\n\n\n\n<div class=\"wp-block-column\">\n<h2>Aufl\u00f6sung\/Interpolation<\/h2>\n\n\n\n<p>Die Aufl\u00f6sung eines Bildes wird in PPI (Pixel Per Inch\/f\u00fcr digitales Medium) bzw. DPI (Dots Per Inch\/f\u00fcr den Druck) angegeben. Es bezeichnet dabei die relative Aufl\u00f6sung des Bildes, also die Pixeldichte pro Inch.<br>Anders als die absolute Aufl\u00f6sung (Gesamtgr\u00f6\u00dfe) eines Bildes bezeichnet die PPI\/DPI die relative Pixeldichte gemessen in einem Zoll\/Inch.<\/p>\n\n\n\n<p>Interpolation:<br>Ist das Verfahren zur Erzeugung von Bildinhalten zwischen oder innerhalb von Pixeln. Es ist quasi eine Zwischen-\/Hochrechnung des Bildes mit unterschiedlichen Verfahren.<br>Achtung: Es entsteht immer ein Sch\u00e4rfeverlust!<\/p>\n<\/div>\n<\/div>\n\n\n\n<div style=\"height:50px\" aria-hidden=\"true\" class=\"wp-block-spacer\"><\/div>\n\n\n\n<p class=\"has-text-align-center has-neve-link-color-color has-text-color has-x-large-font-size\">Oberfl\u00e4che<\/p>\n\n\n\n<div class=\"wp-block-columns\">\n<div class=\"wp-block-column\">\n<h2>\u00dcberblick<\/h2>\n\n\n\n<figure class=\"wp-block-video\"><video controls poster=\"https:\/\/kunst-tutorials.kmst.tu-dortmund.de\/wp-content\/uploads\/2022\/10\/Allgemein_1.jpg\" preload=\"none\" src=\"https:\/\/kunst-tutorials.kmst.tu-dortmund.de\/wp-content\/uploads\/2021\/03\/Malin_DIY-Ueberblick_1080p.mp4\"><\/video><figcaption>TUtorial von Malin<\/figcaption><\/figure>\n<\/div>\n\n\n\n<div class=\"wp-block-column\">\n<h2>Voreinstellungen<\/h2>\n\n\n\n<figure class=\"wp-block-video\"><video controls poster=\"https:\/\/kunst-tutorials.kmst.tu-dortmund.de\/wp-content\/uploads\/2022\/10\/Allgemein_2.jpg\" preload=\"none\" src=\"https:\/\/kunst-tutorials.kmst.tu-dortmund.de\/wp-content\/uploads\/2021\/03\/Malin_DIY-Voreinstellungen_1080p.mp4\"><\/video><figcaption>TUtorial von Malin<\/figcaption><\/figure>\n<\/div>\n\n\n\n<div class=\"wp-block-column\">\n<h2>Personas<\/h2>\n\n\n\n<figure class=\"wp-block-video\"><video controls poster=\"https:\/\/kunst-tutorials.kmst.tu-dortmund.de\/wp-content\/uploads\/2022\/10\/Allgemein_3.jpg\" preload=\"none\" src=\"https:\/\/kunst-tutorials.kmst.tu-dortmund.de\/wp-content\/uploads\/2022\/10\/Anke-01-Video-Personas.m4v\"><\/video><figcaption>TUtorial von Anke<\/figcaption><\/figure>\n<\/div>\n<\/div>\n\n\n\n<div class=\"wp-block-columns\">\n<div class=\"wp-block-column\" style=\"flex-basis:100%\">\n<div class=\"wp-block-columns\">\n<div class=\"wp-block-column\">\n<h2>RAW-Converter<\/h2>\n\n\n\n<figure class=\"wp-block-video\"><video controls poster=\"https:\/\/kunst-tutorials.kmst.tu-dortmund.de\/wp-content\/uploads\/2022\/10\/Allgemein_5_1.jpg\" src=\"https:\/\/kunst-tutorials.kmst.tu-dortmund.de\/wp-content\/uploads\/2021\/03\/Marie_DIY-RAW-converter_1080p.mp4\"><\/video><figcaption>TUtorial von Marie<\/figcaption><\/figure>\n<\/div>\n\n\n\n<div class=\"wp-block-column\">\n<h2>Ebenen<\/h2>\n\n\n\n<figure class=\"wp-block-video\"><video controls poster=\"https:\/\/kunst-tutorials.kmst.tu-dortmund.de\/wp-content\/uploads\/2022\/10\/Oberflaeche_1.jpg\" preload=\"none\" src=\"https:\/\/kunst-tutorials.kmst.tu-dortmund.de\/wp-content\/uploads\/2021\/03\/Marie_DIY-Ebenen_1080p.mp4\"><\/video><figcaption>TUtorial von Marie<\/figcaption><\/figure>\n<\/div>\n\n\n\n<div class=\"wp-block-column\"><\/div>\n<\/div>\n<\/div>\n<\/div>\n\n\n\n<div style=\"height:50px\" aria-hidden=\"true\" class=\"wp-block-spacer\"><\/div>\n\n\n\n<p class=\"has-text-align-center has-neve-link-color-color has-text-color has-x-large-font-size\" id=\"werkzeug\">Werkzeugleiste in der Photo Persona<\/p>\n\n\n\n<div class=\"wp-block-columns\">\n<div class=\"wp-block-column\">\n<figure class=\"wp-block-video\"><video controls poster=\"https:\/\/kunst-tutorials.kmst.tu-dortmund.de\/wp-content\/uploads\/2022\/10\/Thumbnails_1.jpg\" preload=\"none\" src=\"https:\/\/kunst-tutorials.kmst.tu-dortmund.de\/wp-content\/uploads\/2022\/10\/01_ANSICHTSTOOLPROG-1.mp4\"><\/video><figcaption>#1 Ansichtstool<\/figcaption><\/figure>\n<\/div>\n\n\n\n<div class=\"wp-block-column\">\n<figure class=\"wp-block-video ticss-d7ab775c\"><video controls poster=\"https:\/\/kunst-tutorials.kmst.tu-dortmund.de\/wp-content\/uploads\/2022\/10\/Thumbnails_2.jpg\" preload=\"none\" src=\"https:\/\/kunst-tutorials.kmst.tu-dortmund.de\/wp-content\/uploads\/2022\/11\/02-VerschiebenProg.m4v\"><\/video><figcaption>#2 Verschieben<\/figcaption><\/figure>\n<\/div>\n\n\n\n<div class=\"wp-block-column\">\n<figure class=\"wp-block-video\"><video controls poster=\"https:\/\/kunst-tutorials.kmst.tu-dortmund.de\/wp-content\/uploads\/2022\/10\/Thumbnails_3.jpg\" preload=\"none\" src=\"https:\/\/kunst-tutorials.kmst.tu-dortmund.de\/wp-content\/uploads\/2022\/10\/03_FARBPIPETTEPROG.mp4\"><\/video><figcaption>#3 Farbpipette<\/figcaption><\/figure>\n<\/div>\n<\/div>\n\n\n\n<div class=\"wp-container-1 wp-block-buttons\">\n<div class=\"wp-block-button aligncenter is-style-primary\"><a class=\"wp-block-button__link\" href=\"https:\/\/kunst-tutorials.kmst.tu-dortmund.de\/?page_id=1784\">Weitere Videos zu den Werkzeugen &gt;<\/a><\/div>\n<\/div>\n\n\n\n<div style=\"height:50px\" aria-hidden=\"true\" class=\"wp-block-spacer\"><\/div>\n\n\n\n<p class=\"has-text-align-center has-neve-link-color-color has-text-color has-x-large-font-size\">Bilder<\/p>\n\n\n\n<div class=\"wp-block-columns\">\n<div class=\"wp-block-column\">\n<h2>Bilder \u00f6ffnen<\/h2>\n\n\n\n<figure class=\"wp-block-video\"><video controls poster=\"https:\/\/kunst-tutorials.kmst.tu-dortmund.de\/wp-content\/uploads\/2022\/10\/Oberflaeche_2.jpg\" preload=\"none\" src=\"https:\/\/kunst-tutorials.kmst.tu-dortmund.de\/wp-content\/uploads\/2021\/03\/Malin_DIY-Bilder-oeffnen_1080p.mp4\"><\/video><figcaption>TUtorial von Malin<\/figcaption><\/figure>\n<\/div>\n\n\n\n<div class=\"wp-block-column\">\n<h2>Bildnavigation<\/h2>\n\n\n\n<figure class=\"wp-block-video\"><video controls poster=\"https:\/\/kunst-tutorials.kmst.tu-dortmund.de\/wp-content\/uploads\/2022\/10\/Oberflaeche_3.jpg\" preload=\"none\" src=\"https:\/\/kunst-tutorials.kmst.tu-dortmund.de\/wp-content\/uploads\/2021\/03\/Malin_DIY-Bildnavigation_1080p_V02.mp4\"><\/video><figcaption>TUtorial von Malin<\/figcaption><\/figure>\n<\/div>\n\n\n\n<div class=\"wp-block-column\">\n<h2>Speichern &amp; Exportieren<\/h2>\n\n\n\n<figure class=\"wp-block-video\"><video controls poster=\"https:\/\/kunst-tutorials.kmst.tu-dortmund.de\/wp-content\/uploads\/2022\/10\/Oberflaeche_4.jpg\" preload=\"none\" src=\"https:\/\/kunst-tutorials.kmst.tu-dortmund.de\/wp-content\/uploads\/2021\/03\/Malin_DIY-saveexport_1080p_V02.mp4\"><\/video><figcaption>TUtorial von Malin<\/figcaption><\/figure>\n<\/div>\n<\/div>\n<\/div>\n<\/div><\/div>\n\n\n\n<div class=\"wp-block-themeisle-blocks-advanced-columns alignfull has-1-columns has-desktop-equal-layout has-tablet-equal-layout has-mobile-equal-layout has-nogap-gap has-vertical-unset\" id=\"wp-block-themeisle-blocks-advanced-columns-bb95d873\"><div class=\"wp-block-themeisle-blocks-advanced-columns-overlay\"><\/div><div class=\"innerblocks-wrap\">\n<div class=\"wp-block-themeisle-blocks-advanced-column\" id=\"wp-block-themeisle-blocks-advanced-column-61129cd8\">\n<div style=\"height:66px\" aria-hidden=\"true\" class=\"wp-block-spacer\"><\/div>\n\n\n\n<p class=\"has-text-align-center has-neve-link-color-color has-text-color has-x-large-font-size\">Bildbearbeitung<\/p>\n\n\n\n<div class=\"wp-block-columns\">\n<div class=\"wp-block-column\">\n<h2>Auswahlen &amp; Masken<\/h2>\n\n\n\n<figure class=\"wp-block-video\"><video controls poster=\"https:\/\/kunst-tutorials.kmst.tu-dortmund.de\/wp-content\/uploads\/2022\/10\/Auswahlen_1.jpg\" preload=\"none\" src=\"https:\/\/kunst-tutorials.kmst.tu-dortmund.de\/wp-content\/uploads\/2021\/03\/Isabell_DIY-AuM_1080p.mp4\"><\/video><figcaption>TUtorial von Isabell<\/figcaption><\/figure>\n<\/div>\n\n\n\n<div class=\"wp-block-column\">\n<h2>Auswahlen<\/h2>\n\n\n\n<figure class=\"wp-block-video\"><video controls poster=\"https:\/\/kunst-tutorials.kmst.tu-dortmund.de\/wp-content\/uploads\/2022\/10\/Auswahlen_2.jpg\" preload=\"none\" src=\"https:\/\/kunst-tutorials.kmst.tu-dortmund.de\/wp-content\/uploads\/2022\/10\/Kristine-02-Video-Auswahl.m4v\"><\/video><figcaption>TUtorial von Kristine<\/figcaption><\/figure>\n<\/div>\n\n\n\n<div class=\"wp-block-column\">\n<h2>Kontrast<\/h2>\n\n\n\n<figure class=\"wp-block-video\"><video controls poster=\"https:\/\/kunst-tutorials.kmst.tu-dortmund.de\/wp-content\/uploads\/2022\/10\/Allgemein-2_1.jpg\" preload=\"none\" src=\"https:\/\/kunst-tutorials.kmst.tu-dortmund.de\/wp-content\/uploads\/2021\/04\/Aneta_DIY-Kontrast_720p_V02.mp4\"><\/video><figcaption>TUtorial von Aneta<\/figcaption><\/figure>\n<\/div>\n<\/div>\n\n\n\n<div class=\"wp-block-columns\">\n<div class=\"wp-block-column\">\n<h2>St\u00f6rungen entfernen<\/h2>\n\n\n\n<figure class=\"wp-block-video\"><video controls poster=\"https:\/\/kunst-tutorials.kmst.tu-dortmund.de\/wp-content\/uploads\/2022\/10\/Allgemein-2_2.jpg\" preload=\"none\" src=\"https:\/\/kunst-tutorials.kmst.tu-dortmund.de\/wp-content\/uploads\/2021\/04\/Charlotte_DIY-Retuschieren_720p.mp4\"><\/video><figcaption>TUtorial von Charlotte<\/figcaption><\/figure>\n<\/div>\n\n\n\n<div class=\"wp-block-column\">\n<h2>Bildgr\u00f6\u00dfe<\/h2>\n\n\n\n<figure class=\"wp-block-video\"><video controls poster=\"https:\/\/kunst-tutorials.kmst.tu-dortmund.de\/wp-content\/uploads\/2022\/10\/Allgemein-2_3.jpg\" preload=\"none\" src=\"https:\/\/kunst-tutorials.kmst.tu-dortmund.de\/wp-content\/uploads\/2021\/04\/Jannis_DIY-Bildgroesse-V02_1080p.mp4\"><\/video><figcaption>TUtorial von Jannis<\/figcaption><\/figure>\n<\/div>\n\n\n\n<div class=\"wp-block-column\">\n<h2>Transformieren<\/h2>\n\n\n\n<figure class=\"wp-block-video\"><video controls poster=\"https:\/\/kunst-tutorials.kmst.tu-dortmund.de\/wp-content\/uploads\/2022\/10\/Allgemein-3_1.jpg\" preload=\"none\" src=\"https:\/\/kunst-tutorials.kmst.tu-dortmund.de\/wp-content\/uploads\/2021\/03\/Jannis_DIY-Transformieren_1080p.mp4\"><\/video><figcaption>TUtorial von Jannis<\/figcaption><\/figure>\n<\/div>\n<\/div>\n\n\n\n<div class=\"wp-block-columns\">\n<div class=\"wp-block-column\">\n<h2>Belichtung &amp; Helligkeit<\/h2>\n\n\n\n<figure class=\"wp-block-video\"><video controls poster=\"https:\/\/kunst-tutorials.kmst.tu-dortmund.de\/wp-content\/uploads\/2022\/10\/Allgemein-4_1.jpg\" preload=\"none\" src=\"https:\/\/kunst-tutorials.kmst.tu-dortmund.de\/wp-content\/uploads\/2021\/04\/Aneta_DIY-AuN_720p_V02.mp4\"><\/video><figcaption>TUtorial von Aneta<\/figcaption><\/figure>\n<\/div>\n\n\n\n<div class=\"wp-block-column\">\n<h2>Sch\u00e4rfe &amp; Unsch\u00e4rfe<\/h2>\n\n\n\n<figure class=\"wp-block-video\"><video controls poster=\"https:\/\/kunst-tutorials.kmst.tu-dortmund.de\/wp-content\/uploads\/2022\/10\/Allgemein-3_2.jpg\" preload=\"none\" src=\"https:\/\/kunst-tutorials.kmst.tu-dortmund.de\/wp-content\/uploads\/2022\/11\/00-UnschaerfeProg.m4v\"><\/video><figcaption>TUtorial <\/figcaption><\/figure>\n<\/div>\n\n\n\n<div class=\"wp-block-column\">\n<h2>Sch\u00e4rfe &amp; Unsch\u00e4rfe<\/h2>\n\n\n\n<figure class=\"wp-block-video\"><video controls poster=\"https:\/\/kunst-tutorials.kmst.tu-dortmund.de\/wp-content\/uploads\/2022\/10\/Allgemein-3_3.jpg\" preload=\"none\" src=\"https:\/\/kunst-tutorials.kmst.tu-dortmund.de\/wp-content\/uploads\/2021\/04\/Charlotte_DIY-SchaerfeUnschaerfe_720p.mp4\"><\/video><figcaption>TUtorial von Charlotte<\/figcaption><\/figure>\n<\/div>\n<\/div>\n\n\n\n<div class=\"wp-block-columns\">\n<div class=\"wp-block-column\">\n<h2>Farbe &amp; S\u00e4ttigung<\/h2>\n\n\n\n<figure class=\"wp-block-video\"><video controls poster=\"https:\/\/kunst-tutorials.kmst.tu-dortmund.de\/wp-content\/uploads\/2022\/10\/Allgemein-3_4.jpg\" preload=\"none\" src=\"https:\/\/kunst-tutorials.kmst.tu-dortmund.de\/wp-content\/uploads\/2022\/10\/Kristine-01-Video-Hsl.m4v\"><\/video><figcaption>TUtorial von Kristine<\/figcaption><\/figure>\n<\/div>\n\n\n\n<div class=\"wp-block-column\">\n<h2>S\u00e4ttigung<\/h2>\n\n\n\n<p><\/p>\n<\/div>\n\n\n\n<div class=\"wp-block-column\">\n<h2><\/h2>\n<\/div>\n<\/div>\n<\/div>\n<\/div><\/div>\n","protected":false},"excerpt":{"rendered":"","protected":false},"author":1,"featured_media":0,"parent":0,"menu_order":0,"comment_status":"closed","ping_status":"closed","template":"page-templates\/template-pagebuilder-full-width.php","meta":{"neve_meta_sidebar":"full-width","neve_meta_container":"full-width","neve_meta_enable_content_width":"off","neve_meta_content_width":0,"neve_meta_title_alignment":"","neve_meta_author_avatar":"","neve_post_elements_order":"","neve_meta_disable_header":"","neve_meta_disable_footer":"","neve_meta_disable_title":"on","_themeisle_gutenberg_block_has_review":false,"_ti_tpc_template_sync":false,"_ti_tpc_template_id":"8q0u99m9z4hq6emc0s6a"},"_links":{"self":[{"href":"https:\/\/kunst-tutorials.kmst.tu-dortmund.de\/index.php?rest_route=\/wp\/v2\/pages\/1313"}],"collection":[{"href":"https:\/\/kunst-tutorials.kmst.tu-dortmund.de\/index.php?rest_route=\/wp\/v2\/pages"}],"about":[{"href":"https:\/\/kunst-tutorials.kmst.tu-dortmund.de\/index.php?rest_route=\/wp\/v2\/types\/page"}],"author":[{"embeddable":true,"href":"https:\/\/kunst-tutorials.kmst.tu-dortmund.de\/index.php?rest_route=\/wp\/v2\/users\/1"}],"replies":[{"embeddable":true,"href":"https:\/\/kunst-tutorials.kmst.tu-dortmund.de\/index.php?rest_route=%2Fwp%2Fv2%2Fcomments&post=1313"}],"version-history":[{"count":160,"href":"https:\/\/kunst-tutorials.kmst.tu-dortmund.de\/index.php?rest_route=\/wp\/v2\/pages\/1313\/revisions"}],"predecessor-version":[{"id":2454,"href":"https:\/\/kunst-tutorials.kmst.tu-dortmund.de\/index.php?rest_route=\/wp\/v2\/pages\/1313\/revisions\/2454"}],"wp:attachment":[{"href":"https:\/\/kunst-tutorials.kmst.tu-dortmund.de\/index.php?rest_route=%2Fwp%2Fv2%2Fmedia&parent=1313"}],"curies":[{"name":"wp","href":"https:\/\/api.w.org\/{rel}","templated":true}]}}